{"id":67,"date":"2024-01-08T21:07:16","date_gmt":"2024-01-08T21:07:16","guid":{"rendered":"https:\/\/kvinderevy.dk\/?page_id=67"},"modified":"2024-01-08T21:07:16","modified_gmt":"2024-01-08T21:07:16","slug":"salgs-ogleveringsbetingelser","status":"publish","type":"page","link":"https:\/\/kvinderevy.dk\/index.php\/salgs-ogleveringsbetingelser\/","title":{"rendered":"Salgs-og leveringsbetingelser"},"content":{"rendered":"\n<p><strong>Betaling<br><\/strong>\u00c5l\u00f8kke Kvinderevy modtager betaling med VISA-Dankort, VISA, VISA Electron og Mastercard. Betaling vil f\u00f8rst blive trukket p\u00e5 din konto, n\u00e5r varen afsendes.<\/p>\n\n\n\n<p>Alle bel\u00f8b er i DKK. Danske kroner og er incl. moms.<\/p>\n\n\n\n<p>\u00c5l\u00f8kke Kvinderevy bruger en godkendt betalingsserver, der krypterer alle dine kortoplysninger med SSL (Secure Socket Layer) protokol. Det betyder, at informationer ikke kan afl\u00e6ses uautoriseret af tredjepart.<\/p>\n\n\n\n<p><strong>Levering<br><\/strong>\u00c5l\u00f8kke Kvinderevy leverer via e-mail billetter umiddelbart efter, at kreditbetaling er godkendt.<\/p>\n\n\n\n<p><strong>Reklamationsret<br><\/strong>Der er ingen reklamationsret p\u00e5 det k\u00f8bte produkt.<\/p>\n\n\n\n<p><strong>Henvendelse<br><\/strong>Alle henvendelser sendes til:<\/p>\n\n\n\n<p>\u00c5l\u00f8kke Kvinderevy<br>v\/ Jane Vad Christensen<br>Prins Valdemars Vej 21<br>5000 Odense C<\/p>\n\n\n\n<p>CVR: 38943839<\/p>\n\n\n\n<p>Mail:&nbsp;janevad@live.dk<\/p>\n\n\n\n<p>Mobil: 41683666<\/p>\n\n\n\n<p><strong>Refusion<br><\/strong>Refusion direkte til kreditkort er muligt indenfor 7 dage efter k\u00f8bet. Efterf\u00f8lgende kan kreditering kun ske via bankoverf\u00f8rsel, hvor bankoplysninger forinden skal sendes til \u00c5l\u00f8kke Kvinderevy via de oplyste kontaktinformationer.<\/p>\n\n\n\n<p><strong>Fortrydelsesret<br><\/strong>Der gives 14 dages fuld returret. Dog kan billetter kun refunderes i det omfang, at den p\u00e5g\u00e6ldende forestilling endnu ikke har fundet sted.<\/p>\n\n\n\n<p>Perioden regnes fra den dag, hvor billetterne modtages.<\/p>\n\n\n\n<p>Fortrydelse skal anmeldes til \u00c5l\u00f8kke Kvinderevy senest 14 efter k\u00f8bet.<\/p>\n\n\n\n<p>Meddelelsen skal gives pr. mail til&nbsp;kvinderevy@kvinderevy.dk<\/p>\n\n\n\n<p>I meddelelsen skal der g\u00f8res tydeligt opm\u00e6rksom p\u00e5, at du \u00f8nsker at udnytte din fortrydelsesret.<\/p>\n\n\n\n<p><br><strong>Klagemuligheder:<br><\/strong>Har du en klage, kan der sendes en klage til:<\/p>\n\n\n\n<p>Konkurrence- og Forbrugerstyrelsens Center for Klagel\u00f8sning<\/p>\n\n\n\n<p>Carl Jacobsens Vej 35<\/p>\n\n\n\n<p>2500 Valby<\/p>\n\n\n\n<p>Link:&nbsp;https:\/\/forbrug.dk\/<\/p>\n\n\n\n<p>Hvis du er forbruger med bop\u00e6l i et andet EU-land, kan du angive din klage i EU Kommissionens online klageplatform.<\/p>\n\n\n\n<p>Platformen findes her:&nbsp;http:\/\/ec.europa.eu\/consumers\/odr\/<\/p>\n\n\n\n<p>Angiver du en klage her, skal du oplyse vores E-mail adresse:&nbsp;<\/p>\n\n\n\n<p>kvinderevy@kvinderevy.dk<\/p>\n","protected":false},"excerpt":{"rendered":"<p>Betaling\u00c5l\u00f8kke Kvinderevy modtager betaling med VISA-Dankort, VISA, VISA Electron og Mastercard. Betaling vil f\u00f8rst blive trukket p\u00e5 din konto, n\u00e5r varen afsendes. Alle bel\u00f8b er i DKK. Danske kroner og er incl. moms. \u00c5l\u00f8kke Kvinderevy bruger en godkendt betalingsserver, der krypterer alle dine kortoplysninger med SSL (Secure Socket Layer) protokol. Det betyder, at informationer ikke [&hellip;]<\/p>\n","protected":false},"author":4,"featured_media":0,"parent":0,"menu_order":0,"comment_status":"closed","ping_status":"closed","template":"","meta":{"footnotes":""},"class_list":["post-67","page","type-page","status-publish","hentry"],"aioseo_notices":[],"_links":{"self":[{"href":"https:\/\/kvinderevy.dk\/index.php\/wp-json\/wp\/v2\/pages\/67","targetHints":{"allow":["GET"]}}],"collection":[{"href":"https:\/\/kvinderevy.dk\/index.php\/wp-json\/wp\/v2\/pages"}],"about":[{"href":"https:\/\/kvinderevy.dk\/index.php\/wp-json\/wp\/v2\/types\/page"}],"author":[{"embeddable":true,"href":"https:\/\/kvinderevy.dk\/index.php\/wp-json\/wp\/v2\/users\/4"}],"replies":[{"embeddable":true,"href":"https:\/\/kvinderevy.dk\/index.php\/wp-json\/wp\/v2\/comments?post=67"}],"version-history":[{"count":2,"href":"https:\/\/kvinderevy.dk\/index.php\/wp-json\/wp\/v2\/pages\/67\/revisions"}],"predecessor-version":[{"id":69,"href":"https:\/\/kvinderevy.dk\/index.php\/wp-json\/wp\/v2\/pages\/67\/revisions\/69"}],"wp:attachment":[{"href":"https:\/\/kvinderevy.dk\/index.php\/wp-json\/wp\/v2\/media?parent=67"}],"curies":[{"name":"wp","href":"https:\/\/api.w.org\/{rel}","templated":true}]}}